 a factor of 23184?
True
Is 23 a factor of 606?
False
Does 4 divide 733?
False
Is 58590 a multiple of 18?
True
Does 7 divide 588?
True
Is 11928 a multiple of 28?
True
Does 11 divide 1767?
False
Does 2 divide 58?
True
Is 24 a factor of 13104?
True
Does 27 divide 39084?
False
Is 11 a factor of 5867?
False
Is 9 a factor of 711?
True
Does 30 divide 2580?
True
Does 118 divide 74875?
False
Does 22 divide 1606?
True
Is 4172 a multiple of 157?
False
Does 9 divide 26?
False
Is 19 a factor of 327?
False
Is 54 a factor of 6082?
False
Is 8 a multiple of 4?
True
Is 3 a factor of 13527?
True
Does 4 divide 8800?
True
Does 9 divide 2583?
True
Does 57 divide 1254?
True
Is 1022 a multiple of 14?
True
Does 165 divide 17490?
True
Does 3 divide 3?
True
Is 14 a factor of 929?
False
Is 120 a multiple of 40?
True
Does 11 divide 431?
False
Does 14 divide 98?
True
Does 113 divide 9972?
False
Is 748 a multiple of 44?
True
Is 33 a factor of 198?
True
Is 493 a multiple of 20?
False
Does 172 divide 8428?
True
Is 5 a factor of 11341?
False
Is 328 a multiple of 22?
False
Is 128 a multiple of 3?
False
Does 21 divide 22376?
False
Is 50120 a multiple of 40?
True
Does 8 divide 20688?
True
Does 31 divide 1891?
True
Does 18 divide 2010?
False
Is 68 a factor of 5966?
False
Does 21 divide 546?
True
Is 736 a multiple of 18?
False
Is 48 a factor of 363?
False
Is 2219 a multiple of 13?
False
Does 23 divide 3843?
False
Is 24095 a multiple of 14?
False
Is 21840 a multiple of 52?
True
Is 2055 a multiple of 12?
False
Is 14 a factor of 1086?
False
Does 30 divide 1631?
False
Is 19 a factor of 19887?
False
Is 708 a multiple of 12?
True
Is 16 a factor of 1320?
False
Is 8 a factor of 1445?
False
Is 25 a factor of 650?
True
Is 65 a factor of 1761?
False
Is 11 a factor of 157727?
False
Does 3 divide 66?
True
Is 175 a multiple of 11?
False
Is 101 a factor of 1359?
False
Is 5 a factor of 2135?
True
Is 14 a factor of 11427?
False
Is 147 a factor of 73059?
True
Is 21 a factor of 23940?
True
Is 7372 a multiple of 97?
True
Does 20 divide 460?
True
Is 14 a factor of 5600?
True
Is 204 a multiple of 51?
True
Is 892 a multiple of 12?
False
Is 391 a multiple of 25?
False
Does 7 divide 637?
True
Is 48 a factor of 489?
False
Is 4418 a multiple of 59?
False
Does 25 divide 45660?
False
Is 1472 a multiple of 8?
True
Does 2 divide 1045?
False
Is 17 a factor of 874?
False
Is 8 a factor of 64?
True
Is 11 a factor of 36724?
False
Does 7 divide 1512?
True
Is 1233 a multiple of 56?
False
Is 1110 a multiple of 16?
False
Is 4427 a multiple of 17?
False
Is 41 a factor of 1348?
False
Does 6 divide 1434?
True
Is 52 a factor of 1484?
False
Is 39817 a multiple of 29?
True
Is 151032 a multiple of 14?
True
Is 20 a factor of 2420?
True
Is 117 a factor of 9594?
True
Is 3824 a multiple of 16?
True
Is 26754 a multiple of 49?
True
Does 26 divide 182?
True
Is 840 a multiple of 24?
True
Does 108 divide 648?
True
Is 943 a multiple of 23?
True
Is 2804 a multiple of 18?
False
Is 11 a factor of 6538?
False
Is 168 a multiple of 14?
True
Is 51 a factor of 85839?
False
Is 4990 a multiple of 94?
False
Does 12 divide 1416?
True
Does 14 divide 100632?
True
Does 2 divide 107?
False
Is 4 a factor of 96?
True
Does 51 divide 102?
True
Is 11462 a multiple of 11?
True
Does 21 divide 90825?
True
Is 9 a factor of 450?
True
Is 4329 a multiple of 117?
True
Is 79644 a multiple of 11?
False
Is 104 a factor of 3120?
True
Does 38 divide 508?
False
Does 88 divide 700?
False
Is 94885 a multiple of 28?
False
Is 200 a factor of 95600?
True
Does 34 divide 204?
True
Is 20991 a multiple of 89?
False
Is 112295 a multiple of 125?
False
Does 3 divide 21?
True
Does 24 divide 528?
True
Is 15 a factor of 7140?
True
Is 4568 a multiple of 4?
True
Is 22 a factor of 660?
True
Is 144 a factor of 7056?
True
Is 4 a factor of 460?
True
Does 69 divide 75072?
True
Is 13 a factor of 135460?
True
Is 23 a factor of 191?
False
Does 107 divide 32553?
False
Is 6632 a multiple of 32?
False
Is 8 a factor of 24824?
True
Is 80 a factor of 91200?
True
Is 177 a multiple of 7?
False
Is 581 a multiple of 7?
True
Is 488 a multiple of 48?
False
Is 33 a factor of 1434?
False
Is 2112 a multiple of 10?
False
Does 53 divide 1131?
False
Is 204 a multiple of 5?
False
Is 60788 a multiple of 14?
True
Does 24 divide 14016?
True
Is 30 a multiple of 12?
False
Does 53 divide 901?
True
Is 55 a factor of 55880?
True
Is 74 a factor of 4070?
True
Is 37 a factor of 375?
False
Does 11 divide 2728?
True
Does 34 divide 1377?
False
Is 10479 a multiple of 34?
False
Is 2918 a multiple of 13?
False
Is 32 a factor of 6687?
False
Does 28 divide 4417?
False
Is 102 a factor of 15402?
True
Is 221 a multiple of 4?
False
Is 2 a factor of 410?
True
Does 4 divide 416?
True
Is 16 a factor of 3474?
False
Does 16 divide 752?
True
Is 31 a factor of 805?
False
Is 9 a factor of 2772?
True
Is 9177 a multiple of 121?
False
Does 2 divide 84?
True
Does 6 divide 465?
False
Does 2 divide 974?
True
Is 83 a factor of 2030?
False
Does 86 divide 1032?
True
Does 52 divide 1560?
True
Does 97 divide 1552?
True
Does 26 divide 3587?
False
Is 41 a factor of 5412?
True
Does 24 divide 1841?
False
Does 68 divide 1020?
True
Is 27 a factor of 4428?
True
Is 38 a factor of 6080?
True
Does 24 divide 15889?
False
Is 6 a factor of 420?
True
Is 378 even?
True
Is 116 a multiple of 3?
False
Is 29 a factor of 4839?
False
Is 18 a factor of 288?
True
Is 724 even?
True
Is 3 a factor of 103?
False
Is 41 a factor of 10291?
True
Does 50 divide 4650?
True
Is 266 a multiple of 38?
True
Is 15606 a multiple of 17?
True
Is 20 a factor of 618?
False
Does 8 divide 29336?
True
Does 20 divide 3488?
False
Is 11835 a multiple of 5?
True
Is 39775 a multiple of 25?
True
Does 49 divide 1274?
True
Is 60 a factor of 54900?
True
Is 2 a factor of 59?
False
Does 46 divide 1104?
True
Does 49 divide 517?
False
Is 23 a factor of 39537?
True
Is 13 a factor of 952?
False
Is 2035 a multiple of 37?
True
Does 16 divide 29999?
False
Is 3684 a multiple of 110?
False
Is 22 a factor of 243?
False
Is 41692 a multiple of 7?
True
Does 48 divide 20688?
True
Is 17 even?
False
Is 2 a factor of 1227?
False
Does 8 divide 1832?
True
Is 17 a factor of 6783?
True
Is 7104 a multiple of 37?
True
Is 31 a factor of 1612?
True
Does 226 divide 63890?
False
Is 44 a factor of 25449?
False
Is 4550 a multiple of 11?
False
Does 9 divide 1080?
True
Is 4 a factor of 97?
False
Is 92 a factor of 1012?
True
Is 7852 a multiple of 151?
True
Does 83 divide 14801?
False
Is 17 a factor of 2918?
False
Is 82 a factor of 45244?
False
Is 6 a factor of 3834?
True
Is 7 a factor of 1015?
True
Is 48 a factor of 28080?
True
Does 82 divide 20992?
True
Is 100 a factor of 31900?
True
Is 3 a factor of 56?
False
Does 14 divide 266?
True
Is 170 a factor of 23460?
True
Is 111 a factor of 946?
False
Is 219 a multiple of 11?
False
Does 74 divide 2294?
True
Is 28 a factor of 56?
True
Is 7732 a multiple of 10?
False
Is 84 a factor of 12684?
True
Is 2574 a multiple of 6?
True
Is 100402 a multiple of 28?
False
Is 10 a factor of 220?
True
Is 134 a multiple of 14?
False
Does 134 divide 8308?
True
Is 239 a factor of 29757?
False
Is 30176 a multiple of 18?
False
Does 27 divide 6680?
False
Is 8050 a multiple of 115?
True
Does 20 divide 360?
True
Is 26 a multiple of 11?
False
Is 20 a factor of 67449?
False
Is 79149 a multiple of 7?
True
Is 196 a multiple of 4?
True
Does 26 divide 338?
True
Is 170 a multiple of 21?
False
Is 6 a factor of 498?
True
Does 15 divide 684?
False
Is 982 a multiple of 3?
False
Does 84 divide 57408?
False
Is 13435 a multiple of 11?
False
Is 30 a factor of 450?
True
Is 285 a multiple of 15?
True
Does 47 divide 5705?
False
Is 39 even?
False
Does 15 divide 21158?
False
Does 19 divide 4826?
True
Is 10 a factor of 46776?
False
Is 494 a multiple of 19?
True
Is 4 a factor of 10411?
False
Is 5947 a multiple of 10?
False
Is 33 a factor of 264?
True
Does 41 divide 410?
True
Does 6 divide 1536?
True
Is 44100 a multiple of 25?
True
Is 3 a factor of 185?
False
Is 3849 a multiple of 12?
False
Is 15 a factor of 24080?
False
Does 11 divide 363?
True
Is 99 a factor of 346?
False
Is 58 a multiple of 2?
True
Is 132 a multiple of 32?
False
Is 140725 a multiple of 25?
True
Is 160 a multiple of 16?
True
Does 11 divide 347?
False
Is 662 a multiple of 2